*k - 66. What is the remainder when 137 is divided by k?
25
Let y = -286 + 303. What is the remainder when 287 is divided by y?
15
Calculate the remainder when 361 is divided by (190/5)/(-8 - -9) + 5.
17
Let c(m) = m + 6. Let q be c(-7). Calculate the remainder when 106 is divided by 42/(-9)*-6 + q.
25
Let d(p) = -p**2 - 13*p + 62. Calculate the remainder when d(-16) is divided by ((-4)/3)/(4/(-30)).
4
Let g(n) = n**2 - 12*n + 54. What is the remainder when g(11) is divided by 16?
11
Let t = 14 - 10. Let j(h) = -h + 8. Let l be j(t). Suppose l*p = 3*p + 12. Calculate the remainder when p is divided by 7.
5
Let s be 0*(1 + 3)/(-4). Suppose -5*n = 3*u - n + 35, s = -2*u + 3*n - 29. Calculate the remainder when 38 is divided by u*(0/(-4) - 1).
12
Suppose -4 = 2*v - 18. Suppose 8*q - v*q - 7 = 0. What is the remainder when 26 is divided by q?
5
Let a(c) = c**2 + 7*c + 1. Suppose 100*v - 96*v = 40 + 24. What is the remainder when a(6) is divided by v?
15
Calculate the remainder when (-54)/36 - (-29)/2*5 is divided by 8.
7
Let x be (-3)/2 + (-81)/(-6). Let r = -9 + x. Suppose 3*p = 3*l + 2*l + 53, 5*p = -r*l + 43. Calculate the remainder when 41 is divided by p.
8
Let u be -1*(0 + -9) - 1. Suppose u*f = 3*f. What is the remainder when 10 is divided by (-3)/(3/(-6) - f)?
4
Let s = 7 + -8. Let l be (-1)/(s - 232/(-236)). Let q = l - 24. What is the remainder when q is divided by 6?
5
Let k be 12/54 - (-160)/9. Suppose 0 = -5*r - x - k, -3*x = -x - 4. What is the remainder when (-1 - 1) + (-228)/r is divided by 14?
13
Let f = -303 + 472. Let m = -21 - -38. What is the remainder when f is divided by m?
16
Suppose 7 = -w + 32. Let p be (-38)/6 - 6/9. Let l(g) = g**2 - g - 9. Calculate the remainder when l(p) is divided by w.
22
Suppose 5*f = -25, 2*f - f + 21 = m. Suppose 2*n + m = -8. What is the remainder when ((-8)/n)/((-3)/(-90)) is divided by 11?
9
Suppose -2*f + 10 = 0, -5*f = 2*v - 3*v - 40. What is the remainder when 2/3 - (-9 - (-785)/v) is divided by 32?
30
Suppose 7*n + 4*n + 1665 - 1874 = 0. Suppose -o - 2*k - 1 = -3, 3*o = k + 34. What is the remainder when n is divided by o?
9
Suppose -5*h - 1 = 4*l - 13, -9 = -3*l. Let j(m) = 3*m + 26. What is the remainder when -3 + 105 + -1 - h is divided by j(0)?
23
Let t = -83 - -84. Suppose -20 = 4*h, 3*h + 0*h - 30 = -3*w. Calculate the remainder when t/8 + 1 + 669/24 is divided by w.
14
Suppose -3*r + 61 + 53 = -3*q, -4*q = 2*r - 70. Calculate the remainder when 92 is divided by r.
18
Suppose -5*y + 17 = -2*v, -2*v + 3*y = -v + 11. Suppose -5*f - 3*b + 7 = -37, -v*f + 34 = 2*b. What is the remainder when 25 is divided by f?
4
Suppose 9*j = 129 - 39. Calculate the remainder when 89 is divided by j.
9
Let q = 27 + 35. Suppose 5*k - 2*x + 3*x = q, -68 = -5*k + x. Calculate the remainder when 37 is divided by k.
11
Suppose -6 = a - 3. Let j be -9*(-20)/12 - a. Suppose -4*u - j = -6*u. What is the remainder when 61 is divided by u?
7
Let u = 23 - 19. Suppose u*t - 49 - 59 = 0. Calculate the remainder when t is divided by 12 - (-5)/((-5)/(-2)).
13
Suppose o = 2*n + n - 7, -10 = -2*n. Let v = -324 + 339. Calculate the remainder when v is divided by o.
7
Suppose 28*h - 6 = 25*h. Let q(m) = m**3 + 10*m**2 - 12*m - 8. What is the remainder when q(-11) is divided by h?
1
Let d = 116 + -98. What is the remainder when 267 is divided by d?
15
Let u be 2/4*(22 - 22). Suppose u = -3*b + 13 + 8. Let j = 5 + 14. Calculate the remainder when j is divided by b.
5
Let o(s) = s**3 + 12*s**2 - 20*s - 30. Suppose -b + 3*p - 7 = 0, 5*b + p + 73 = -3*p. Calculate the remainder when o(b) is divided by 17.
10
Suppose -3*t + 7 - 22 = 0, 3*t + 328 = h. What is the remainder when h is divided by 100?
13
Let q(z) = z**3 - 5*z**2 + 4. Let s be q(5). Suppose -s*u = -290 + 54. Calculate the remainder when u is divided by 31.
28
Suppose 15*x + 225 = 20*x. Let t = x - 31. Suppose 5 = -4*g + 105. Calculate the remainder when g is divided by t.
11
Let h(o) = -20*o - 229. Calculate the remainder when h(-14) is divided by 6.
3
Let k(w) = 2*w + 2. Suppose -5*a - 6*a + 11 = 0. Calculate the remainder when 13 is divided by k(a).
1
Let g = 9 + 6. Calculate the remainder when 26 is divided by (-5)/(0 + (-5)/g).
11
Suppose -5*k + 3*i + 32 + 35 = 0, 4*k + 5*i - 61 = 0. What is the remainder when 2 + (26 - (1 + 1)) is divided by k?
12
Suppose -5*m + 4 = -3*f, -11 = 2*f - m - 4*m. What is the remainder when 26 is divided by f?
5
What is the remainder when 24 is divided by 2 + -3 + 5 + 1?
4
Let x(v) = -5*v**3 - 4*v**2 - v + 2. Let c be x(-2). Let p be (-13)/(-26)*38/(-1). Let w = p + c. Calculate the remainder when w is divided by 6.
3
Let q(o) = o - 10. Let g be q(14). Calculate the remainder when -3 + 27*2 - g is divided by 10.
7
What is the remainder when 1476/10 - (-9 + (-384)/(-40)) is divided by 26?
17
Suppose -29*k = -32*k - 4*b + 134, b = -1. Let r = 9 - -1. What is the remainder when k is divided by r?
6
Let j(y) = 1 - 4*y**3 + 1 + 9*y**2 - 4*y + 3*y**3. Let a be j(8). Let g = 72 - a. Calculate the remainder when g is divided by 13.
12
Suppose 3*i + 4*x = 95, -x = 4*i - 0*x - 105. Suppose 3*m - 31 = -2*d + 4*d, 5*m + 2*d = i. Calculate the remainder when 19 is divided by m.
5
Let c = 54 - -1. Let w = 198 + -278. What is the remainder when c is divided by 12/18 + w/(-6)?
13
Calculate the remainder when 171 is divided by (560/200)/(2/35).
24
Suppose 10*q + 0*q - 40 = 0. Suppose q*r = -0*r + 84. What is the remainder when ((-2)/4)/(2/(-156)) is divided by r?
18
Suppose -3*l = 4*b + 29, -b + 4*l - 9 - 3 = 0. Let q = 16 + b. What is the remainder when 28 is divided by q?
4
Suppose -13*t + 750 = 165. Calculate the remainder when t is divided by 12.
9
Suppose 4*z - a = 31, -5*z + 2*a = -a - 37. Calculate the remainder when 42 is divided by ((-2)/z)/((-1295)/(-260) + -5).
3
Suppose -4*v - 6 - 110 = 4*s, -3*s + v = 103. Let d(o) = -o - 6. Let i be d(14). Let t = i - s. Calculate the remainder when 36 is divided by t.
10
Let c(s) be the second derivative of s**4/3 + s**3/3 + 4*s. Suppose 2*y - 4*m - 18 = 0, -3*m + 30 = 4*y - 8*m. What is the remainder when c(-2) is divided by y?
2
Let j(k) = k. What is the remainder when 62 + (-1)/(3/(-3)) is divided by j(13)?
11
Suppose 18*k - 1008 = 10*k. Let q = 37 + 6. What is the remainder when k is divided by q?
40
Suppose -2*q + 5*q - 30 = 0. Let p be -2 - q - 16/(-4). What is the remainder when (-311)/(-4) + (-2)/p is divided by 20?
18
Suppose 0 = -d + s + 34, -4*d - 3*s = -127 + 12. Calculate the remainder when 122 is divided by d.
29
Suppose t = -5*u - 29 + 4, 3*t - 3*u = -3. Let x(r) = 2*r**2 + 4*r - 2. Let s(a) = -23*a - 246. Calculate the remainder when s(-13) is divided by x(t).
25
Let h = 7 + -1. Let f = -2524 + 2528. Calculate the remainder when h is divided by f.
2
Suppose -5*w = -2*a - 225, 5*w - 60 = -2*a + 165. What is the remainder when (9/(w/(-10)))/((-4)/36) is divided by 9?
0
Let j(x) = 7*x**2 + 1. Let n be j(3). Let u = n + -45. Suppose 2*p - 7*p = -270. What is the remainder when p is divided by u?
16
Suppose 22*v + 3*v = 2750. Calculate the remainder when v is divided by 13.
6
Let j be (-14)/((-1)/(1/2)). Suppose j*z - z = 0. Suppose -3*a + 5*c + 7 = z, -a - 2*c + 21 = c. Calculate the remainder when 44 is divided by a.
8
Let c = 564 + -475. Suppose v + 4*v - 5*l - 105 = 0, 0 = 3*v - 5*l - 69. Calculate the remainder when c is divided by v.
17
Let v(c) = -c**3 - 2*c**2 - 5*c - 5. Let q be v(-4). Let r = 72 - q. Calculate the remainder when 42 is divided by r.
17
What is the remainder when 8 is divided by (-13)/((-39)/(-30))*(-3)/5?
2
Calculate the remainder when (-33)/(-55) + (-2)/15*-573 is divided by (-150)/(-18) - (-2)/(-6).
5
Suppose 309 = 58*u - 1373. Calculate the remainder when 895 is divided by u.
25
What is the remainder when 141 is divided by ((-324)/(-30))/((-231)/60 - -4)?
69
Let d(j) = j**2 - 12*j + 13. Let f be d(11). Let n be f*(-2 - -3) - -1. Suppose n*s = 46 + 86. What is the remainder when s is divided by 15?
14
Suppose 76 = s - 27. Let k(z) = -2*z**2 - 25*z - 12. What is the remainder when s is divided by k(-11)?
19
Let k = -30 + 15. Let n = 18 + k. What is the remainder when n + -1 + (-135)/(-15) is divided by 3?
2
Let x = -647 - -654. Calculate the remainder when (